{"id":536,"date":"2020-09-25T17:36:51","date_gmt":"2020-09-25T17:36:51","guid":{"rendered":"https:\/\/www.fundacionarrivahospitalitygroup.org\/eng\/aviso-de-privacidad\/"},"modified":"2021-09-28T17:30:47","modified_gmt":"2021-09-28T17:30:47","slug":"aviso-de-privacidad","status":"publish","type":"page","link":"https:\/\/www.fundacionarrivahospitalitygroup.org\/eng\/aviso-de-privacidad\/","title":{"rendered":"aviso de privacidad"},"content":{"rendered":"\t\t<div data-elementor-type=\"wp-page\" data-elementor-id=\"536\" class=\"elementor elementor-536\">\n\t\t\t\t\t\t<section class=\"elementor-section elementor-top-section elementor-element elementor-element-62f9dcc5 elementor-section-full_width elementor-section-stretched elementor-hidden-desktop elementor-hidden-tablet elementor-hidden-phone elementor-section-height-default elementor-section-height-default\" data-id=\"62f9dcc5\" data-element_type=\"section\" data-settings=\"{&quot;stretch_section&quot;:&quot;section-stretched&quot;}\">\n\t\t\t\t\t\t<div class=\"elementor-container elementor-column-gap-no\">\n\t\t\t\t\t<div class=\"elementor-column elementor-col-100 elementor-top-column elementor-element elementor-element-3e7471b9\" data-id=\"3e7471b9\" data-element_type=\"column\">\n\t\t\t<div class=\"elementor-widget-wrap elementor-element-populated\">\n\t\t\t\t\t\t<div class=\"elementor-element elementor-element-3c91d738 elementor-hidden-tablet elementor-hidden-phone elementor-arrows-position-inside elementor-widget elementor-widget-image-carousel\" data-id=\"3c91d738\" data-element_type=\"widget\" data-settings=\"{&quot;slides_to_show&quot;:&quot;1&quot;,&quot;navigation&quot;:&quot;arrows&quot;,&quot;pause_on_hover&quot;:&quot;no&quot;,&quot;autoplay&quot;:&quot;yes&quot;,&quot;pause_on_interaction&quot;:&quot;yes&quot;,&quot;autoplay_speed&quot;:5000,&quot;infinite&quot;:&quot;yes&quot;,&quot;effect&quot;:&quot;slide&quot;,&quot;speed&quot;:500}\" data-widget_type=\"image-carousel.default\">\n\t\t\t\t<div class=\"elementor-widget-container\">\n\t\t\t\t\t\t\t<div class=\"elementor-image-carousel-wrapper swiper\" role=\"region\" aria-roledescription=\"carousel\" aria-label=\"Image Carousel\" dir=\"ltr\">\n\t\t\t<div class=\"elementor-image-carousel swiper-wrapper\" aria-live=\"off\">\n\t\t\t\t\t\t\t\t<div class=\"swiper-slide\" role=\"group\" aria-roledescription=\"slide\" aria-label=\"1 of 2\"><figure class=\"swiper-slide-inner\"><img decoding=\"async\" class=\"swiper-slide-image\" src=\"https:\/\/www.fundacionarrivahospitalitygroup.org\/eng\/wp-content\/uploads\/2021\/06\/1920x800banner_ok.jpg\" alt=\"1920x800banner_ok.jpg\" \/><\/figure><\/div><div class=\"swiper-slide\" role=\"group\" aria-roledescription=\"slide\" aria-label=\"2 of 2\"><figure class=\"swiper-slide-inner\"><img decoding=\"async\" class=\"swiper-slide-image\" src=\"https:\/\/www.fundacionarrivahospitalitygroup.org\/eng\/wp-content\/uploads\/2021\/06\/medio_ambiente_social.png\" alt=\"medio_ambiente_social.png\" \/><\/figure><\/div>\t\t\t<\/div>\n\t\t\t\t\t\t\t\t\t\t\t\t<div class=\"elementor-swiper-button elementor-swiper-button-prev\" role=\"button\" tabindex=\"0\">\n\t\t\t\t\t\t<i aria-hidden=\"true\" class=\"eicon-chevron-left\"><\/i>\t\t\t\t\t<\/div>\n\t\t\t\t\t<div class=\"elementor-swiper-button elementor-swiper-button-next\" role=\"button\" tabindex=\"0\">\n\t\t\t\t\t\t<i aria-hidden=\"true\" class=\"eicon-chevron-right\"><\/i>\t\t\t\t\t<\/div>\n\t\t\t\t\n\t\t\t\t\t\t\t\t\t<\/div>\n\t\t\t\t\t\t<\/div>\n\t\t\t\t<\/div>\n\t\t\t\t\t<\/div>\n\t\t<\/div>\n\t\t\t\t\t<\/div>\n\t\t<\/section>\n\t\t\t\t<section class=\"elementor-section elementor-top-section elementor-element elementor-element-3600a314 elementor-section-full_width elementor-section-stretched elementor-hidden-desktop elementor-hidden-tablet elementor-hidden-phone elementor-section-height-default elementor-section-height-default\" data-id=\"3600a314\" data-element_type=\"section\" data-settings=\"{&quot;stretch_section&quot;:&quot;section-stretched&quot;}\">\n\t\t\t\t\t\t<div class=\"elementor-container elementor-column-gap-no\">\n\t\t\t\t\t<div class=\"elementor-column elementor-col-100 elementor-top-column elementor-element elementor-element-701dd16f\" data-id=\"701dd16f\" data-element_type=\"column\">\n\t\t\t<div class=\"elementor-widget-wrap elementor-element-populated\">\n\t\t\t\t\t\t<div class=\"elementor-element elementor-element-1870f5d9 elementor-arrows-position-inside elementor-widget elementor-widget-image-carousel\" data-id=\"1870f5d9\" data-element_type=\"widget\" data-settings=\"{&quot;slides_to_show&quot;:&quot;1&quot;,&quot;navigation&quot;:&quot;arrows&quot;,&quot;pause_on_hover&quot;:&quot;no&quot;,&quot;autoplay&quot;:&quot;yes&quot;,&quot;pause_on_interaction&quot;:&quot;yes&quot;,&quot;autoplay_speed&quot;:5000,&quot;infinite&quot;:&quot;yes&quot;,&quot;effect&quot;:&quot;slide&quot;,&quot;speed&quot;:500}\" data-widget_type=\"image-carousel.default\">\n\t\t\t\t<div class=\"elementor-widget-container\">\n\t\t\t\t\t\t\t<div class=\"elementor-image-carousel-wrapper swiper\" role=\"region\" aria-roledescription=\"carousel\" aria-label=\"Image Carousel\" dir=\"ltr\">\n\t\t\t<div class=\"elementor-image-carousel swiper-wrapper\" aria-live=\"off\">\n\t\t\t\t\t\t\t\t<div class=\"swiper-slide\" role=\"group\" aria-roledescription=\"slide\" aria-label=\"1 of 4\"><figure class=\"swiper-slide-inner\"><img decoding=\"async\" class=\"swiper-slide-image\" src=\"https:\/\/www.fundacionarrivahospitalitygroup.org\/eng\/wp-content\/uploads\/2021\/06\/banners_para_movil_dispositivos_arriva_voluntariado.jpg\" alt=\"banners_para_movil_dispositivos_arriva_voluntariado.jpg\" \/><\/figure><\/div><div class=\"swiper-slide\" role=\"group\" aria-roledescription=\"slide\" aria-label=\"2 of 4\"><figure class=\"swiper-slide-inner\"><img decoding=\"async\" class=\"swiper-slide-image\" src=\"https:\/\/www.fundacionarrivahospitalitygroup.org\/eng\/wp-content\/uploads\/2021\/06\/banners_para_movil_dispositivos_arriva_medio_ambiente_ma.jpg\" alt=\"banners_para_movil_dispositivos_arriva_medio_ambiente_ma.jpg\" \/><\/figure><\/div><div class=\"swiper-slide\" role=\"group\" aria-roledescription=\"slide\" aria-label=\"3 of 4\"><figure class=\"swiper-slide-inner\"><img decoding=\"async\" class=\"swiper-slide-image\" src=\"https:\/\/www.fundacionarrivahospitalitygroup.org\/eng\/wp-content\/uploads\/2021\/06\/banners_para_movil_dispositivos_arriva_transparencia.jpg\" alt=\"banners_para_movil_dispositivos_arriva_transparencia.jpg\" \/><\/figure><\/div><div class=\"swiper-slide\" role=\"group\" aria-roledescription=\"slide\" aria-label=\"4 of 4\"><figure class=\"swiper-slide-inner\"><img decoding=\"async\" class=\"swiper-slide-image\" src=\"https:\/\/www.fundacionarrivahospitalitygroup.org\/eng\/wp-content\/uploads\/2021\/06\/banners_para_movil_dispositivos_arriva_educacion_fundacion.jpg\" alt=\"banners_para_movil_dispositivos_arriva_educacion_fundacion.jpg\" \/><\/figure><\/div>\t\t\t<\/div>\n\t\t\t\t\t\t\t\t\t\t\t\t<div class=\"elementor-swiper-button elementor-swiper-button-prev\" role=\"button\" tabindex=\"0\">\n\t\t\t\t\t\t<i aria-hidden=\"true\" class=\"eicon-chevron-left\"><\/i>\t\t\t\t\t<\/div>\n\t\t\t\t\t<div class=\"elementor-swiper-button elementor-swiper-button-next\" role=\"button\" tabindex=\"0\">\n\t\t\t\t\t\t<i aria-hidden=\"true\" class=\"eicon-chevron-right\"><\/i>\t\t\t\t\t<\/div>\n\t\t\t\t\n\t\t\t\t\t\t\t\t\t<\/div>\n\t\t\t\t\t\t<\/div>\n\t\t\t\t<\/div>\n\t\t\t\t\t<\/div>\n\t\t<\/div>\n\t\t\t\t\t<\/div>\n\t\t<\/section>\n\t\t\t\t<section class=\"elementor-section elementor-top-section elementor-element elementor-element-5669b61f elementor-section-content-middle elementor-section-boxed elementor-section-height-default elementor-section-height-default\" data-id=\"5669b61f\" data-element_type=\"section\">\n\t\t\t\t\t\t<div class=\"elementor-container elementor-column-gap-no\">\n\t\t\t\t\t<div class=\"elementor-column elementor-col-50 elementor-top-column elementor-element elementor-element-595dd6ea\" data-id=\"595dd6ea\" data-element_type=\"column\">\n\t\t\t<div class=\"elementor-widget-wrap elementor-element-populated\">\n\t\t\t\t\t\t<div class=\"elementor-element elementor-element-3171a77c elementor-hidden-tablet elementor-hidden-phone elementor-widget elementor-widget-heading\" data-id=\"3171a77c\" data-element_type=\"widget\" data-widget_type=\"heading.default\">\n\t\t\t\t<div class=\"elementor-widget-container\">\n\t\t\t\t\t<h1 class=\"elementor-heading-title elementor-size-default\"> PRIVACY POLICY<\/h1>\t\t\t\t<\/div>\n\t\t\t\t<\/div>\n\t\t\t\t<div class=\"elementor-element elementor-element-9f80c62 elementor-hidden-tablet elementor-hidden-phone elementor-widget elementor-widget-heading\" data-id=\"9f80c62\" data-element_type=\"widget\" data-widget_type=\"heading.default\">\n\t\t\t\t<div class=\"elementor-widget-container\">\n\t\t\t\t\t<h1 class=\"elementor-heading-title elementor-size-default\">AVISO DE PRIVACIDAD<\/h1>\t\t\t\t<\/div>\n\t\t\t\t<\/div>\n\t\t\t\t<div class=\"elementor-element elementor-element-79e55016 elementor-hidden-desktop elementor-widget elementor-widget-heading\" data-id=\"79e55016\" data-element_type=\"widget\" data-widget_type=\"heading.default\">\n\t\t\t\t<div class=\"elementor-widget-container\">\n\t\t\t\t\t<h1 class=\"elementor-heading-title elementor-size-default\">AVISO DE PRIVACIDAD<\/h1>\t\t\t\t<\/div>\n\t\t\t\t<\/div>\n\t\t\t\t\t<\/div>\n\t\t<\/div>\n\t\t\t\t<div class=\"elementor-column elementor-col-50 elementor-top-column elementor-element elementor-element-61327fb1\" data-id=\"61327fb1\" data-element_type=\"column\">\n\t\t\t<div class=\"elementor-widget-wrap elementor-element-populated\">\n\t\t\t\t\t\t<div class=\"elementor-element elementor-element-3961cb74 elementor-widget elementor-widget-text-editor\" data-id=\"3961cb74\" data-element_type=\"widget\" data-widget_type=\"text-editor.default\">\n\t\t\t\t<div class=\"elementor-widget-container\">\n\t\t\t\t\t\t\t\t\t<p><span data-contrast=\"auto\"><b>ARRIVA HOSPITALITY GROUP AC FOUNDATION<\/b>, better known as <b>ARRIVA HOSPITALITY GROUP AC FOUNDATION<\/b>, with address at 2526 AVENIDA VALLARTA street, SECOND FLOOR, ARCOS VALLARTA neighborhood, GUADALAJARA city, GUADALAJARA municipality or delegation, c.p. 44130, in the entity of JALISCO, country MEXICO, and internet portal <b>FUNDACIONARRIVAHOSPITALITYGROUP.ORG<\/b>, is responsible for the use and protection of your personal data, and in this regard we inform you of the following:<\/span><span data-ccp-props=\"{&quot;201341983&quot;:0,&quot;335559739&quot;:160,&quot;335559740&quot;:259}\">\u00a0<\/span><\/p><p><span data-contrast=\"auto\"><b>For what purposes will we use your personal data?<\/b> The personal data that we collect from you will be used for the following purposes that are necessary for the service you request: \u25cf Mechanism to attract donations. \u25cf Marketing or advertising.<\/span><span data-ccp-props=\"{&quot;201341983&quot;:0,&quot;335559739&quot;:160,&quot;335559740&quot;:259}\">\u00a0<\/span><\/p><p><span data-contrast=\"auto\"><b>What personal data will we use for these purposes?<\/b> To carry out the purposes described in this privacy notice, we will use the following personal data: \u25cf Name \u25cf Civil Status \u25cf Federal Taxpayers Registry (RFC) \u25cf Unique Population Registry Code (CURP) \u25cf Place of birth \u25cf Date of birth \u25cf Nationality \u25cf Address \u25cf Home phone \u25cf Cell phone \u25cf Email \u25cf Institutional email \u25cf Institutional phone \u25cf Identification data \u25cf Contact data<\/span><span data-ccp-props=\"{&quot;201341983&quot;:0,&quot;335559739&quot;:160,&quot;335559740&quot;:259}\">\u00a0<\/span><\/p><p><span data-contrast=\"auto\"><b>How can you access, rectify or cancel your personal data, or oppose its use? <\/b>You have the right to know what personal data we have about you, what we use it for and the conditions of use that we give it (Access). Likewise, it is your right to request the correction of your personal information if it is outdated, inaccurate or incomplete (Rectification); that we delete it from our records or databases when it considers that it is not being used properly (Cancellation); as well as oppose the use of your personal data for specific purposes (Opposition). These rights are known as ARCO rights. To exercise any of the ARCO rights, you must submit the respective request through the following means:\u00a0<\/span><a href=\"mailto:mhernandez@arrivahotels.com\"><span data-contrast=\"none\">mhernandez@arrivahotels.com<\/span><span data-ccp-props=\"{&quot;201341983&quot;:0,&quot;335559739&quot;:160,&quot;335559740&quot;:259}\">\u00a0<\/span><\/a><\/p><p>\u00a0<\/p><p><strong>FUNDACION ARRIVA HOSPITALITY GROUP<\/strong> AC, mejor conocido como FUNDACION ARRIVA HOSPITALITY GROUP AC, con domicilio en calle AVENIDA VALLARTA 2526 SEGUNDO PISO, colonia ARCOS VALLARTA, ciudad GUADALAJARA, municipio o delegaci\u00f3n GUADALAJARA, c.p. 44130, en la entidad de JALISCO, pa\u00eds MEXICO, y portal de internet <strong>FUNDACIONARRIVAHOSPITALITYGROUP.ORG<\/strong>, es el responsable del uso y protecci\u00f3n de sus datos personales, y al respecto le informamos lo siguiente:<\/p><p><b>\u00bfPara qu\u00e9 fines utilizaremos sus datos personales?<\/b> Los datos personales que recabamos de usted, los utilizaremos para las siguientes finalidades que son necesarias para el servicio que solicita: \u25cf Mecanismo para atraer donaciones. \u25cf Mercadotecnia o publicitaria.<\/p><p><span style=\"font-style: inherit;\"><b>\u00bfQu\u00e9 datos personales utilizaremos para estos fines?<\/b><\/span><span style=\"font-style: inherit; font-weight: inherit;\"> Para llevar a cabo las finalidades descritas en el presente aviso de privacidad, utilizaremos los siguientes datos personales: \u25cf Nombre \u25cf Estado Civil \u25cf Registro Federal de Contribuyentes(RFC) \u25cf Clave \u00fanica de Registro de Poblaci\u00f3n (CURP) \u25cf Lugar de nacimiento \u25cf Fecha de nacimiento \u25cf Nacionalidad \u25cf Domicilio \u25cf Tel\u00e9fono particular \u25cf Tel\u00e9fono celular \u25cf Correo electr\u00f3nico \u25cf Correo electr\u00f3nico institucional \u25cf Tel\u00e9fono institucional \u25cf Datos de identificaci\u00f3n \u25cf Datos de contacto<\/span><\/p><p><b>\u00bfC\u00f3mo puede acceder, rectificar o cancelar sus datos personales, u oponerse a su uso?<\/b> Usted tiene derecho a conocer qu\u00e9 datos personales tenemos de usted, para qu\u00e9 los utilizamos y las condiciones del uso que les damos (Acceso). Asimismo, es su derecho solicitar la correcci\u00f3n de su informaci\u00f3n personal en caso de que est\u00e9 desactualizada, sea inexacta o incompleta (Rectificaci\u00f3n); que la eliminemos de nuestros registros o bases de datos cuando considere que la misma no est\u00e1 siendo utilizada adecuadamente (Cancelaci\u00f3n); as\u00ed como oponerse al uso de sus datos personales para fines espec\u00edficos (Oposici\u00f3n). Estos derechos se conocen como derechos ARCO. Para el ejercicio de cualquiera de los derechos ARCO, usted deber\u00e1 presentar la solicitud respectiva a trav\u00e9s del siguiente medio:<\/p><p><b>CORREO ELECTRONICO<\/b> Con relaci\u00f3n al procedimiento y requisitos para el ejercicio de sus derechos ARCO, le informamos lo siguiente: a) \u00bfA trav\u00e9s de qu\u00e9 medios pueden acreditar su identidad el titular y, en su caso, su representante, as\u00ed como la personalidad este \u00faltimo?<\/p><p><b>CORREO ELECTRONICO<\/b> b) \u00bfQu\u00e9 informaci\u00f3n y\/o documentaci\u00f3n deber\u00e1 contener la solicitud? NOMBRE COMPLETO, TELEFONO, IDENTIFICACION c) \u00bfEn cu\u00e1ntos d\u00edas le daremos respuesta a su solicitud? 5 DIAS d) \u00bfPor qu\u00e9 medio le comunicaremos la respuesta a su solicitud? CORREO ELECTRONICO e) \u00bfEn qu\u00e9 medios se pueden reproducir los datos personales que, en su caso, solicite? PAGINA WEB DE STRIPE f) Ponemos a sus \u00f3rdenes los siguientes formularios o sistemas para facilitar el ejercicio de derechos ARCO: NOMBRE COMPLETO, DOMICILIO, CORREO ELECTRONICO, TELEFONO DE CONTACTO g) Para mayor informaci\u00f3n sobre el procedimiento, ponemos a disposici\u00f3n los siguientes medios: <b>CONTACTO@FUNDACIONARRIVAHOSPITALITYGROUP.ORG<\/b><\/p><p>Los datos de contacto de la persona o departamento de datos personales, que est\u00e1 a cargo de dar tr\u00e1mite a las solicitudes de derechos ARCO, son los siguientes:<\/p><p>a) Nombre de la persona o departamento de datos personales: MARIA AURORA HERNADEZ OLMOS b) Domicilio: calle AVENIDA VALLARTA 2526, colonia ARCOS VALLARTA, ciudad GUADALAJARA, municipio o delegaci\u00f3n GUADALAJARA, c.p. 44130, en la entidad de JALISCO, pa\u00eds MEXICO c) Correo electr\u00f3nico: CONTACTO@FUNDCIONARRIVAHOSPITALIYGROUP.ORG d) N\u00famero telef\u00f3nico: 3339424030 Otro dato de contacto:\u00a0<a style=\"background-color: #ffffff;\" href=\"mailto:mhernandez@arrivahotels.com\"><span data-contrast=\"none\">mhernandez@arrivahotels.com<\/span><\/a><span data-ccp-props=\"{&quot;201341983&quot;:0,&quot;335559739&quot;:160,&quot;335559740&quot;:259}\">\u00a0<\/span><br \/><span style=\"font-style: inherit; font-weight: inherit;\">Usted puede revocar su consentimiento para el uso de sus datos personales. Usted puede revocar el consentimiento que, en su caso, nos haya otorgado para el tratamiento de sus datos personales. Sin embargo, es importante que tenga en cuenta que no en todos los casos podremos atender su solicitud o concluir el uso de forma inmediata, ya que es posible que por alguna obligaci\u00f3n legal requiramos seguir tratando sus datos personales. Asimismo, usted deber\u00e1 considerar que para ciertos fines, la revocaci\u00f3n de su consentimiento implicar\u00e1 que no le podamos seguir prestando el servicio que nos solicit\u00f3, o la conclusi\u00f3n de su relaci\u00f3n con nosotros.<\/span><\/p><p><b>Para revocar su consentimiento deber\u00e1 presentar su solicitud a trav\u00e9s del siguiente medio:<\/b><\/p><p><b>\u00a0<\/b><\/p><p><b><\/b>POR CORREO ELECTRONICO A <b>CONTACTO@FUNDACIONARRIVAHOSPITALITYGROUP.ORG<\/b> Con relaci\u00f3n al procedimiento y requisitos para la revocaci\u00f3n de su consentimiento, le informamos lo siguiente: a) \u00bfA trav\u00e9s de qu\u00e9 medios pueden acreditar su identidad el titular y, en su caso, su representante, as\u00ed como la personalidad este \u00faltimo? POR CORREO ELECTRONICO b) \u00bfQu\u00e9 informaci\u00f3n y\/o documentaci\u00f3n deber\u00e1 contener la solicitud? TELEFONO Y NOMBRE COMPLETO c) \u00bfEn cu\u00e1ntos d\u00edas le daremos respuesta a su solicitud? 5 DIAS HABILES d) \u00bfPor qu\u00e9 medio le comunicaremos la respuesta a su solicitud? CORREO ELECTRONICO e) Para mayor informaci\u00f3n sobre el procedimiento, ponemos a disposici\u00f3n los siguientes medios: CONTACTO@FUNDACIONARRIVAHOSPITALITYGROUO.ORG \u00bfC\u00f3mo puede limitar el uso o divulgaci\u00f3n de su informaci\u00f3n personal? Con objeto de que usted pueda limitar el uso y divulgaci\u00f3n de su informaci\u00f3n personal, le ofrecemos los siguientes medios:<\/p><p><b>SOLICITUD POR CORREO ELECTRONICO <\/b>El uso de tecnolog\u00edas de rastreo en nuestro portal de internet. Le informamos que en nuestra p\u00e1gina de internet utilizamos cookies, web beacons u otras tecnolog\u00edas, a trav\u00e9s de las cuales es posible monitorear su comportamiento como usuario de internet, as\u00ed como brindarle un mejor servicio y experiencia al navegar en nuestra p\u00e1gina. Los datos personales que recabamos a trav\u00e9s de estas tecnolog\u00edas, los utilizaremos para los siguientes fines:<br \/><b><br \/>DESEMPE\u00d1O DE LA PAGINA WEB<\/b> Los datos personales que obtenemos de estas tecnolog\u00edas de rastreo son los siguientes: Idioma preferido por el usuario Regi\u00f3n en la que se encuentra el usuario Tipo de navegador del usuario Tipo de sistema operativo del usuario Fecha y hora del inicio y final de una sesi\u00f3n de un usuario Para conocer la forma en que se pueden deshabilitar estas tecnolog\u00edas, consulte el siguiente medio: <b>CONTACTO@FUNDACIONARRIVAHOSPITALITYGROUP.ORG<br \/><\/b><br \/><b>\u00bfC\u00f3mo puede conocer los cambios en este aviso de privacidad?<\/b> El presente aviso de privacidad puede sufrir modificaciones, cambios o actualizaciones derivadas de nuevos requerimientos legales; de nuestras propias necesidades por los productos o servicios que ofrecemos; de nuestras pr\u00e1cticas de privacidad; de cambios en nuestro modelo de negocio, o por otras causas. Nos comprometemos a mantenerlo informado sobre los cambios que pueda sufrir el presente aviso de privacidad, a trav\u00e9s de: PAGINA WEB. El procedimiento a trav\u00e9s del cual se llevar\u00e1n a cabo las notificaciones sobre cambios o actualizaciones al presente aviso de privacidad es el siguiente: PAGINA WEB Su consentimiento para el tratamiento de sus datos personales Consiento que mis datos personales sean tratados de conformidad con los t\u00e9rminos y condiciones informados en el presente aviso de privacidad.[ ]<b> \u00daltima actualizaci\u00f3n: 23\/10\/2020<\/b><\/p>\t\t\t\t\t\t\t\t<\/div>\n\t\t\t\t<\/div>\n\t\t\t\t\t<\/div>\n\t\t<\/div>\n\t\t\t\t\t<\/div>\n\t\t<\/section>\n\t\t\t\t<\/div>\n\t\t","protected":false},"excerpt":{"rendered":"<p>Previous Next Previous Next PRIVACY POLICY AVISO DE PRIVACIDAD AVISO DE PRIVACIDAD ARRIVA HOSPITALITY GROUP AC FOUNDATION, better known as ARRIVA HOSPITALITY GROUP AC FOUNDATION, with address at 2526 AVENIDA VALLARTA street, SECOND FLOOR, ARCOS VALLARTA neighborhood, GUADALAJARA city, GUADALAJARA municipality or delegation, c.p. 44130, in the entity of JALISCO, country MEXICO, and internet portal &hellip;<\/p>\n<p class=\"read-more\"> <a class=\"\" href=\"https:\/\/www.fundacionarrivahospitalitygroup.org\/eng\/aviso-de-privacidad\/\"> <span class=\"screen-reader-text\">aviso de privacidad<\/span> Read More &raquo;<\/a><\/p>\n","protected":false},"author":1,"featured_media":0,"parent":0,"menu_order":0,"comment_status":"closed","ping_status":"closed","template":"","meta":{"footnotes":""},"class_list":["post-536","page","type-page","status-publish","hentry"],"_links":{"self":[{"href":"https:\/\/www.fundacionarrivahospitalitygroup.org\/eng\/wp-json\/wp\/v2\/pages\/536","targetHints":{"allow":["GET"]}}],"collection":[{"href":"https:\/\/www.fundacionarrivahospitalitygroup.org\/eng\/wp-json\/wp\/v2\/pages"}],"about":[{"href":"https:\/\/www.fundacionarrivahospitalitygroup.org\/eng\/wp-json\/wp\/v2\/types\/page"}],"author":[{"embeddable":true,"href":"https:\/\/www.fundacionarrivahospitalitygroup.org\/eng\/wp-json\/wp\/v2\/users\/1"}],"replies":[{"embeddable":true,"href":"https:\/\/www.fundacionarrivahospitalitygroup.org\/eng\/wp-json\/wp\/v2\/comments?post=536"}],"version-history":[{"count":10,"href":"https:\/\/www.fundacionarrivahospitalitygroup.org\/eng\/wp-json\/wp\/v2\/pages\/536\/revisions"}],"predecessor-version":[{"id":3700,"href":"https:\/\/www.fundacionarrivahospitalitygroup.org\/eng\/wp-json\/wp\/v2\/pages\/536\/revisions\/3700"}],"wp:attachment":[{"href":"https:\/\/www.fundacionarrivahospitalitygroup.org\/eng\/wp-json\/wp\/v2\/media?parent=536"}],"curies":[{"name":"wp","href":"https:\/\/api.w.org\/{rel}","templated":true}]}}